y -15*(1/4 + 78/(-24)).
40
Suppose -3*j + 76 = 2*q + 23, -3*q = j - 20. What is the remainder when j is divided by 3?
2
Let h be ((-4)/6)/((-5)/30). Let i be 2/h + (-35)/(-10). Calculate the remainder when 28 is divided by (-1)/4 - (-61)/i.
13
Suppose -w = 3*m - 117 - 115, 2*m - 156 = -2*w. Calculate the remainder when m is divided by (60/9)/((-1)/(-6)).
37
Let t(v) = 7 + 5*v - 16*v - 3. Suppose 5*f + 14 = -h, 7*f + 7 = 3*f - 5*h. Calculate the remainder when t(f) is divided by 13.
11
Let u = 6 - 2. Let r(a) = -5 + 5 - 4*a + 5*a + 6*a**3. Calculate the remainder when r(1) is divided by u.
3
Suppose 3*p + 42 = 150. Suppose -4*m + 4 = -76. What is the remainder when p is divided by m?
16
Suppose 5*g = 5*x - 40, -50 = 5*g + 5*x - 0. Let j = -3 - g. Calculate the remainder when (-136)/(-14) - 8/(-28) is divided by j.
4
Suppose -4*t = 4*h - 92, -5*t = 5*h - 3*h - 40. What is the remainder when h is divided by 6?
1
Let n = 5423 - 2942. Calculate the remainder when n is divided by 23.
20
Suppose -z - 4 + 84 = 0. Calculate the remainder when 43 is divided by ((-24)/20)/((-6)/z).
11
Calculate the remainder when (48 - 54) + 0 + 71 is divided by 18.
11
Suppose l = 2*l - 15. Let n(w) = 2*w**2 + 4*w - 14. Let s be n(3). Suppose 16 = 2*d - m - 2*m, -2*d + s = 2*m. Calculate the remainder when l is divided by d.
7
Let t = 41 - 45. Calculate the remainder when 3311/143 - t/(-26) is divided by 4.
3
Let f = -27 + 28. Let y = 6 + f. Calculate the remainder when 26 is divided by y.
5
Suppose 5 = w - 0*w, 3*w - 60 = -5*a. Let g(r) = 5*r - 4. Calculate the remainder when g(a) is divided by 14.
13
Let u = 37 + -37. Suppose 4*p - 14 - 346 = u. Calculate the remainder when p is divided by 47.
43
Let k(x) = 3*x**2 - 26*x - 6. Calculate the remainder when k(11) is divided by 2.
1
Let j = 19 + -3. Suppose -19*q = -j*q - 27. What is the remainder when 16 is divided by q?
7
Suppose 4*v + 3*w - 169 = 8*w, -3*v - 2*w = -144. What is the remainder when v is divided by 6?
4
Suppose -10 = 2*d, -d = 3*o + d + 19. Let i = 1 - o. Suppose 7 = -i*p + 79. Calculate the remainder when 52 is divided by p.
16
Suppose 8*t - 7*t - 186 = 3*d, -5 = 5*d. Calculate the remainder when t is divided by 64.
55
What is the remainder when (511 + -1 + 1)*1 is divided by 64?
63
Let f = 1 - 11. Let d be (24/f)/(12/(-30)). Suppose 0 = -3*p - u + 13, -p - 5*u + 1 = d. Calculate the remainder when p is divided by 3.
2
Let s = 144 - 79. Calculate the remainder when s is divided by -1*1 + 16 + -274 + 281.
21
Suppose 3*w - 8*z + 6 = -13*z, -8 = 2*w + 2*z. Let n be 276/14 + (-2)/(-7). Let t = n + w. Calculate the remainder when t is divided by 7.
6
Let n = -11 - -11. Let l(c) = 2*c + 7. Let b be l(n). Suppose 5*p - 2 = -4*t + b, -2*p + 2*t + 18 = 0. What is the remainder when 8 is divided by p?
3
Let j = 260 - 255. Suppose 6 = 5*i - 29. What is the remainder when i is divided by j?
2
Let y = -5818 + 5925. Let l(k) = 35*k**2 + 2*k - 1. What is the remainder when y is divided by l(1)?
35
Suppose 208 = -6956*r + 6972*r. Let h = 15 - 6. What is the remainder when r is divided by h?
4
Let x be ((-24)/3)/(1/(-4)). Let w = x + -15. What is the remainder when w is divided by 10?
7
Let n(m) = 27*m - 15. Let x(b) = -b**3 + 21*b**2 + 23*b + 22. Calculate the remainder when n(7) is divided by x(22).
42
Suppose 15 = c + 2*u, -140 = -2*c + 5*u - 65. Let t be 1/(-2)*4*1. Calculate the remainder when c is divided by 2/(t/((-28)/2)).
11
Suppose 4*y = 159 - 35. What is the remainder when y is divided by (-264)/(-15) + (-21)/35?
14
Let b = 4 - 4. Suppose -8*d + 6*d + 82 = b. What is the remainder when d is divided by 15?
11
Let y be (-6)/(-3) - (-5)/5. Suppose 3*u = y*p + 39, -2*p = -3*u - 0*u + 36. Calculate the remainder when 38 + (-2)/(-4 + 2) is divided by u.
9
Let i be 8/(-4) + 4 - (-2 - -2). Suppose -4*u + i*u + 94 = 0. What is the remainder when u is divided by 28?
19
Let c be 50/(-10)*12/10. Let g be (-71)/3 + 2/c. What is the remainder when 5/((-20)/6)*g is divided by 10?
6
Let q = 1042 + -920. What is the remainder when q is divided by 57?
8
Suppose 17*j - 142 - 589 = 0. Suppose -t + 55 = 4*t. What is the remainder when j is divided by t?
10
Suppose -2*w - 206 = 26. Let a = 24 - 14. Calculate the remainder when (-1)/(236/w + 2) is divided by a.
9
Let j = 233 + 128. Calculate the remainder when j is divided by 28.
25
Let b(c) = -7*c + 12. Suppose 0*w = 2*w + z + 9, -3*w + 3*z = 9. Suppose -5*i - x + 25 = -42, 34 = 2*i - 2*x. Calculate the remainder when b(w) is divided by i.
12
Suppose 21 - 1 = -4*c. Calculate the remainder when 14 is divided by c/(1/(-3)*3).
4
Suppose 0 = -3*s + 5*k + 47, 3*s + 4*k = 11 - 0. Calculate the remainder when 26 is divided by s.
8
Calculate the remainder when 204 is divided by ((-48)/18)/((-30)/585).
48
Suppose 5*v = -3*l + 378, 0 = 5*v - 4*v - 3*l - 72. Calculate the remainder when v is divided by 11.
9
Suppose -3*v + 2 = -13. Suppose i + 12 = v*i. Let y = i - -12. What is the remainder when 59 is divided by y?
14
Calculate the remainder when 54 is divided by (-1)/(-4*(-2)/(-152)).
16
Suppose 4*m - 201 = -189. Calculate the remainder when 9 is divided by m.
0
Suppose -2*y = 802 + 58. Let l = y - -700. What is the remainder when 63 is divided by 2/(-4) + l/20?
11
Let m(y) = 3*y + 12. Let t be m(4). Suppose -h - a + t = 0, 5*h - 104 = -a - 0*a. Calculate the remainder when h is divided by 6.
2
Let l(r) = -24*r. Suppose -i = -3*y + 62 + 146, -2*i - 8 = 0. Calculate the remainder when y is divided by l(-1).
20
Calculate the remainder when 313 is divided by (93/(-21) - -4) + 2336/28.
64
Let o = -34 - -28. Suppose 0 = -2*k - 3*k + 4*g + 9, 4*k = -5*g + 40. Calculate the remainder when 1/2*o/(-12)*56 is divided by k.
4
Let f(m) = m**2 - 15*m - 44. Let v be f(18). Let s = v - -15. What is the remainder when s is divided by 13?
12
What is the remainder when 510 is divided by (-5*4/40)/((-4)/296)?
29
Let w(k) = 70*k**3 + k**2 - k + 1. What is the remainder when w(1) is divided by 19?
14
Suppose -t - 16*t = -289. What is the remainder when 133 is divided by t?
14
Let t = 12 + 47. Calculate the remainder when t is divided by 35.
24
Let z(x) = 29*x**2 + 13*x + 73. What is the remainder when z(-5) is divided by 23?
20
Suppose -4*g = 2*s + 24, -4*g - 4 = -6*s + 3*s. Calculate the remainder when (208 + -10)/(s/(-2)) is divided by 25.
24
Suppose 0 = 7*k - 4*k - 123. Let w = k - 31. Calculate the remainder when w is divided by 4.
2
Let u(m) = -m**3 + 21*m**2 - 20*m + 33. Let y be u(20). Suppose -f = -y - 5. What is the remainder when f is divided by 6?
2
Let f be 136/(-51) + 8/(-6). Calculate the remainder when 73 is divided by ((-228)/24)/(2/f).
16
Suppose u + 13 = 4*u - k, -5*u + 3*k = -15. Suppose u*l - 21 - 51 = 0. What is the remainder when 46 is divided by l?
10
Suppose 0 = -5*s + 2*s. Suppose -5*a = -j - 247 + 48, 3*a + j - 113 = s. What is the remainder when a is divided by 14?
11
What is the remainder when 478 is divided by (1 + -17)/((-24)/60)?
38
Suppose -6*m + 15259 = 5233. Calculate the remainder when m is divided by 31.
28
Calculate the remainder when 5/(-10) + (-815)/(-10) + 3 is divided by (-2)/(-7) + 351/21.
16
Calculate the remainder when ((5/1 - 59) + -3)*-1 is divided by 10.
7
Let g be (-46)/(-11) - (4 - (-252)/(-66)). Calculate the remainder when 59 is divided by 63/6*-2*-1 - g.
8
Suppose -x - x + 3*g + 2 = 0, 0 = 5*x + g - 39. Let p be 1/1*(x - -1). Suppose 0 = 3*v - 7*v + p. Calculate the remainder when 6 is divided by v.
0
Calculate the remainder when (19 - 12) + (1 - 0) is divided by 4/(-30) - (-77)/15 - 2.
2
Calculate the remainder when 10/(-4)*(-826)/35 is divided by 6.
5
Suppose 3*z + 4 = -a, -a + z = 3*a - 36. Calculate the remainder when 44 + -10*(130/140 - 6/14) is divided by a.
7
Calculate the remainder when 61 is divided by -8 + 56 + 0 + 2.
11
Suppose -738 = -4*r + 1558. Calculate the remainder when r is divided by 18.
16
Suppose 5*z - 11 - 4 = 0. Suppose -z*l + 205 = 2*l. Calculate the remainder when l is divided by 22.
19
Suppose 3*g + 41 = 137. Suppose -2*u + g = 2*u. Calculate the remainder when -29*((-6)/9)/(2/3) is divided by u.
5
Let n be 3 + 12/(-20) - (-4)/(-10). Suppose -n*y = y - 114. Calculate the remainder when y is divided by 4.
2
Let l be ((-2)/(-3))/(8/